{"id":220,"date":"2026-03-09T11:48:35","date_gmt":"2026-03-09T11:48:35","guid":{"rendered":"http:\/\/web2.pssr.sk\/?page_id=220"},"modified":"2026-04-16T05:13:51","modified_gmt":"2026-04-16T05:13:51","slug":"geneticke-laboratorium","status":"publish","type":"page","link":"http:\/\/web2.pssr.sk\/index.php\/sk\/geneticke-laboratorium\/","title":{"rendered":"Genetick\u00e9 laborat\u00f3rium"},"content":{"rendered":"\n<h2 class=\"wp-block-heading\">Genetick\u00e9 laborat\u00f3rium pre DNA anal\u00fdzu zvierat<\/h2>\n\n\n\n<p>Hlavnou \u010dinnos\u0165ou laborat\u00f3ria genetiky je <strong>DNA anal\u00fdza zvierat.<\/strong><br>Cie\u013eom pr\u00e1ce laborat\u00f3ria je poskytn\u00fa\u0165 v\u0161etk\u00fdm z\u00e1kazn\u00edkom objekt\u00edvne a nez\u00e1visl\u00e9 testovanie vzoriek a ochranu inform\u00e1ci\u00ed, pri\u010dom jedn\u00fdm z prvorad\u00fdch cie\u013eov je zabezpe\u010di\u0165 presnos\u0165 testovania pod\u013ea medzin\u00e1rodn\u00fdch noriem, za vyu\u017eitia vhodn\u00fdch a modern\u00fdch met\u00f3d pri sk\u00fa\u0161kach.<br>Na\u0161e dlhoro\u010dn\u00e9 sk\u00fasenosti s\u00fa z\u00e1rukou Va\u0161ej spokojnosti. Sme tu pre V\u00e1s u\u017e od roku 1993.<\/p>\n\n\n\n<p>Laborat\u00f3rium je akreditovan\u00e9&nbsp;Slovenskou n\u00e1rodnou akredita\u010dnou slu\u017ebou \u2013 SNAS (2005), pre paternitu hospod\u00e1rskych zvierat.<\/p>\n\n\n\n<p>Sk\u00fa\u0161ky s\u00fa vykon\u00e1van\u00e9 v s\u00falade s po\u017eiadavkami normy STN EN ISO\/IEC 17025:2017<\/p>\n\n\n\n<p>Pre zv\u00fd\u0161enie na\u0161ej odbornosti sme <strong>od roku 1995<\/strong> \u010dlenom <strong>ISAG<\/strong> (International Society of Animal Genetics), kde sa ako akt\u00edvny \u010dlen z\u00fa\u010dast\u0148ujeme porovn\u00e1vac\u00edch testov v ktor\u00fdch sa umiest\u0148ujeme v skupine najlep\u0161\u00edch svetov\u00fdch laborat\u00f3ri\u00ed.<\/p>\n\n\n\n<p><strong>Laborat\u00f3rium <\/strong>m\u00e1 od roku 2010 na z\u00e1klade preuk\u00e1zan\u00fdch v\u00fdsledkov <strong>akredit\u00e1ciu<\/strong> pre testovanie rodi\u010dovstva medzin\u00e1rodnou organiz\u00e1ciou <strong>ICAR<\/strong> (International Committee for Animal Recording).<\/p>\n\n\n\n<p>Laborat\u00f3rium genetiky Nitra je s\u00fa\u010das\u0165ou Plemen\u00e1rskych slu\u017eieb SR, \u0161.p. a organiza\u010dne patr\u00ed pod \u00da\u010delov\u00e9 plemen\u00e1rske zariadenie.<\/p>\n\n\n\n<h3 class=\"wp-block-heading\">Vykon\u00e1vame DNA testy pre nasledovn\u00e9 druhy zvierat<\/h3>\n\n\n\n\t<div class=\"govuk-accordion\" data-module=\"idsk-accordion\" id=\"4PCbcAOhzj1ww5qDoPZwT\">\n\t\t<div class=\"govuk-accordion__controls\">\n\t\t\t<button class=\"govuk-accordion__open-all\"\n\t\t\t\tdata-open-title=\"Open all\"\n\t\t\t\tdata-close-title=\"Close all\"\n\t\t\t\ttype=\"button\"\n\t\t\t\taria-expanded=\"false\"\n\t\t\t>\n\t\t\t\t<span class=\"govuk-visually-hidden govuk-accordion__controls-span\" data-section-title=\"sections\"><\/span>\n\t\t\t<\/button>\n\t\t<\/div>\n\n\t\t\t\t\t<div class=\"govuk-accordion__section \">\n\t\t\t\t<div class=\"govuk-accordion__section-header\">\n\t\t\t\t\t<h2 class=\"govuk-accordion__section-heading\">\n\t\t\t\t\t\t<span class=\"govuk-accordion__section-button\" id=\"4PCbcAOhzj1ww5qDoPZwT-heading-1\">\n\t\t\t\t\t\t\tHov\u00e4dz\u00ed dobytok\t\t\t\t\t\t<\/span>\n\t\t\t\t\t<\/h2>\n\t\t\t\t\t<div class=\"govuk-accordion__section-summary govuk-body\" id=\"4PCbcAOhzj1ww5qDoPZwT-summary-1\">\n\t\t\t\t\t\tDNA test pre hov\u00e4dz\u00ed dobytok\t\t\t\t\t<\/div>\n\t\t\t\t<\/div>\n\t\t\t\t<div id=\"4PCbcAOhzj1ww5qDoPZwT-content-1\"\n\t\t\t\t\tclass=\"govuk-accordion__section-content\"\n\t\t\t\t\taria-labelledby=\"4PCbcAOhzj1ww5qDoPZwT-heading-1\"\n\t\t\t\t>\n\t\t\t\t\t\u2022 Ur\u010denie genotypu beta kaze\u00ednu (A2 mlieko) (neakreditovan\u00e1 sk\u00fa\u0161ka)<br>\u2022 Identifik\u00e1cia jedinca DNA testom<br>\u2022 Overenie p\u00f4vodu potomka porovnan\u00edm na oboch rodi\u010dov a vydanie osved\u010denia o p\u00f4vode<br><br><a href=\"https:\/\/pssr.sk\/wp-content\/uploads\/stiah\/lg\/hd.pdf\">Sprievodn\u00e9 tla\u010divo pre overenie p\u00f4vodu hov\u00e4dzieho dobytka<\/a><br>Sme tu pre V\u00e1s, pre mno\u017estevn\u00e9 z\u013eavy a dlhodobej\u0161iu spolupr\u00e1cu n\u00e1s nev\u00e1hajte kontaktova\u0165.<br><a href=\"https:\/\/pssr.sk\/index.php\/sk\/ucelove-plemenarske-zariadenie\/\">Kontakt<\/a><br><br><strong>Materi\u00e1l pre DNA:<\/strong><br>\u2022 krv<br>\u2022 chlpy<br>\u2022 sperma<br>\u2022 mlieko<br>\u2022 tkanivo<br><br><a href=\"https:\/\/pssr.sk\/index.php\/sk\/odber-vzoriek-pre-dna-test\/\">Odber vzoriek pre DNA test<\/a><br><br>Od roku 1995 je laborat\u00f3rium \u010dlenom ISAG (International Society of Animal Genetics), kde sa ako akt\u00edvny \u010dlen z\u00fa\u010dast\u0148uje porovn\u00e1vac\u00edch testov. V porovn\u00e1vacom teste u hov\u00e4dzieho dobytka dosahujeme 100 % \u00faspe\u0161nos\u0165.<br><br>Pri DNA teste u hov\u00e4dzieho dobytka sa v na\u0161om laborat\u00f3riu testuje ISAG-om predp\u00edsan\u00fd s\u00fabor mikrosatelitov.\t\t\t\t<\/div>\n\t\t\t<\/div>\n\t\t\t\t\t\t<div class=\"govuk-accordion__section \">\n\t\t\t\t<div class=\"govuk-accordion__section-header\">\n\t\t\t\t\t<h2 class=\"govuk-accordion__section-heading\">\n\t\t\t\t\t\t<span class=\"govuk-accordion__section-button\" id=\"4PCbcAOhzj1ww5qDoPZwT-heading-2\">\n\t\t\t\t\t\t\tKone\t\t\t\t\t\t<\/span>\n\t\t\t\t\t<\/h2>\n\t\t\t\t\t<div class=\"govuk-accordion__section-summary govuk-body\" id=\"4PCbcAOhzj1ww5qDoPZwT-summary-2\">\n\t\t\t\t\t\tDNA test pre kone\t\t\t\t\t<\/div>\n\t\t\t\t<\/div>\n\t\t\t\t<div id=\"4PCbcAOhzj1ww5qDoPZwT-content-2\"\n\t\t\t\t\tclass=\"govuk-accordion__section-content\"\n\t\t\t\t\taria-labelledby=\"4PCbcAOhzj1ww5qDoPZwT-heading-2\"\n\t\t\t\t>\n\t\t\t\t\t\u2022 detekcia WFFS kon\u00ed (neakreditovan\u00e1 sk\u00fa\u0161ka)<br>\u2022 Identifik\u00e1cia jedinca DNA testom<br>\u2022 Overenie p\u00f4vodu potomka porovnan\u00edm na oboch rodi\u010dov a vydanie osved\u010denia o p\u00f4vode<br><br><a href=\"https:\/\/pssr.sk\/wp-content\/uploads\/stiah\/lg\/kone.pdf\">Sprievodn\u00e9 tla\u010divo pre overenie p\u00f4vodu kon\u00ed<\/a><br><a href=\"https:\/\/pssr.sk\/wp-content\/uploads\/stiah\/lg\/wffs_kone.pdf\">Sprievodn\u00e9 tla\u010divo pre detekciu WFFS kon\u00ed<\/a><br><br>Sme tu pre V\u00e1s, pre mno\u017estevn\u00e9 z\u013eavy a dlhodobej\u0161iu spolupr\u00e1cu n\u00e1s nev\u00e1hajte kontaktova\u0165.<br><a href=\"https:\/\/pssr.sk\/index.php\/sk\/ucelove-plemenarske-zariadenie\/\">Kontakt<\/a><br><br><strong>Materi\u00e1l pre DNA:<\/strong><br>\u2022 krv<br>\u2022 hriva<br>\u2022 sperma<br>\u2022 tkanivo<br><br><a href=\"https:\/\/pssr.sk\/index.php\/sk\/odber-vzoriek-pre-dna-test\/\">Odber vzoriek pre DNA test<\/a><br><br><strong>Warmblood Fragile Foal Syndrome Type I (WFFST1)<\/strong>, teda syndr\u00f3m \u201ekrehk\u00fdch \u017erieb\u00e4t\u201c patr\u00ed medzi dedi\u010dn\u00e9 ochorenia, ktor\u00e9 postihuj\u00fa spojivov\u00e9 tkanivo. Vyskytuje sa pri teplokrvn\u00fdch plemen\u00e1ch kon\u00ed.<br><br>WFFS je sp\u00f4soben\u00e9 mut\u00e1ciou v LH1 g\u00e9ne, ktor\u00fd k\u00f3duje enz\u00fdm potrebn\u00fd pre tvorbu kolag\u00e9nu. Prejavuje sa hne\u010f po naroden\u00ed \u017erieb\u00e4\u0165a abnorm\u00e1lne uvo\u013enenou, tenkou, krehkou poko\u017ekou, ktor\u00e1 sa \u013eahko trh\u00e1. Po\u0161koden\u00e9 s\u00fa aj tkz. muk\u00f3zne membr\u00e1ny, \u010do vedie k vzniku rozsiahlych l\u00e9zii po celom tele, vznikaj\u00fa hemat\u00f3my. Po\u010das gravidity m\u00f4\u017ee d\u00f4js\u0165 k hromadeniu tekut\u00edn v plode alebo k pred\u010dasn\u00e9mu \u017erebeniu. Ke\u010f\u017ee sa jedn\u00e1 o rozsiahle po\u0161kodenia bez mo\u017enosti lie\u010dby, \u017erieb\u00e4t\u00e1 uhyn\u00fa bu\u010f prenat\u00e1lne alebo vo ve\u013ek\u00fdch bolestiach na sepsu do nieko\u013ek\u00fdch dn\u00ed, preto sa zvykn\u00fa po naroden\u00ed utrati\u0165.<br><br>WFFS je autozom\u00e1lno-reces\u00edvne ochorenie, to znamen\u00e1, \u017ee pre vznik ochorenia musia ma\u0165 obaja rodi\u010dia vo svojej genetickej v\u00fdbave mutovan\u00fa alelu (vlohu) pre WFFS. V pr\u00edpade, ak je zviera <strong>pren\u00e1\u0161a\u010dom<\/strong> (vo svojej genetickej v\u00fdbave m\u00e1 jednu alelu pre WFFS), m\u00f4\u017ee sa pou\u017ei\u0165 v plemenitbe, ale je potrebn\u00e9 pozna\u0165 genotyp PLOD1 g\u00e9nu aj druh\u00e9ho rodi\u010da.<br><br><strong>N\/N<\/strong> \u00a0\u00a0\u00a0\u00a0\u00a0\u00a0\u00a0\u00a0\u00a0\u00a0\u00a0\u00a0\u00a0\u00a0\u00a0 \u00a0\u00a0\u00a0\u00a0\u00a0\u00a0\u00a0\u00a0\u00a0\u00a0\u00a0 zdrav\u00e9 zviera, nie je pren\u00e1\u0161a\u010dom WFFS<br><strong>N\/WFFS<\/strong> \u00a0\u00a0\u00a0\u00a0\u00a0\u00a0 \u00a0\u00a0\u00a0\u00a0\u00a0\u00a0\u00a0\u00a0\u00a0\u00a0\u00a0 zdrav\u00e9 zviera, ale pren\u00e1\u0161a WFFS na potomstvo<br><strong>WFFS\/WFFS<\/strong> \u00a0\u00a0\u00a0\u00a0\u00a0\u00a0\u00a0\u00a0\u00a0\u00a0 postihnut\u00e9 zviera<br><strong>Rodi\u010dovsk\u00e9 kombin\u00e1cie:<\/strong><br><strong>N\/WFFS x N\/N<\/strong>\u00a0\u00a0\u00a0\u00a0\u00a0\u00a0\u00a0\u00a0\u00a0\u00a0\u00a0\u00a0\u00a0\u00a0\u00a0\u00a0\u00a0\u00a0\u00a0\u00a0 s\u00a050% pravdepodobnos\u0165ou sa narod\u00ed <strong>pren\u00e1\u0161a\u010d<\/strong><br><strong>N\/WFFS x N\/WFFS<\/strong> \u00a0\u00a0\u00a0\u00a0\u00a0\u00a0\u00a0\u00a0\u00a0\u00a0\u00a0 s\u00a025% pravdepodobnos\u0165ou sa narod\u00ed <strong>postihnut\u00e9<\/strong> \u017erieb\u00e4, a s\u00a050% pravdepodobnos\u0165ou sa narod\u00ed <strong>pren\u00e1\u0161a\u010d<\/strong><br><br>Pri DNA teste u kon\u00ed sa v na\u0161om laborat\u00f3riu testuje ISAG-om predp\u00edsan\u00fd s\u00fabor mikrosatelitov.<br><br>Od roku 1995 je laborat\u00f3rium \u010dlenom ISAG (International Society of Animal Genetics), kde sa ako akt\u00edvny \u010dlen z\u00fa\u010dast\u0148uje porovn\u00e1vac\u00edch testov. V porovn\u00e1vacom teste u kon\u00ed dosahujeme 100 % \u00faspe\u0161nos\u0165.\t\t\t\t<\/div>\n\t\t\t<\/div>\n\t\t\t\t\t\t<div class=\"govuk-accordion__section \">\n\t\t\t\t<div class=\"govuk-accordion__section-header\">\n\t\t\t\t\t<h2 class=\"govuk-accordion__section-heading\">\n\t\t\t\t\t\t<span class=\"govuk-accordion__section-button\" id=\"4PCbcAOhzj1ww5qDoPZwT-heading-3\">\n\t\t\t\t\t\t\tOvce a kozy\t\t\t\t\t\t<\/span>\n\t\t\t\t\t<\/h2>\n\t\t\t\t\t<div class=\"govuk-accordion__section-summary govuk-body\" id=\"4PCbcAOhzj1ww5qDoPZwT-summary-3\">\n\t\t\t\t\t\tDNA test pre ovce a kozy\t\t\t\t\t<\/div>\n\t\t\t\t<\/div>\n\t\t\t\t<div id=\"4PCbcAOhzj1ww5qDoPZwT-content-3\"\n\t\t\t\t\tclass=\"govuk-accordion__section-content\"\n\t\t\t\t\taria-labelledby=\"4PCbcAOhzj1ww5qDoPZwT-heading-3\"\n\t\t\t\t>\n\t\t\t\t\t\u2022 Identifik\u00e1cia jedinca DNA testom<br>\u2022 Overenie p\u00f4vodu potomka porovnan\u00edm na oboch rodi\u010dov a vydanie osved\u010denia o p\u00f4vode<br><br><a href=\"https:\/\/pssr.sk\/wp-content\/uploads\/stiah\/lg\/ovce.pdf\">Sprievodn\u00e9 tla\u010divo pre overenie p\u00f4vodu oviec<\/a><br><a href=\"https:\/\/pssr.sk\/wp-content\/uploads\/stiah\/lg\/kozy.pdf\">Sprievodn\u00e9 tla\u010divo pre overenie p\u00f4vodu k\u00f4z<\/a><br><br>Sme tu pre V\u00e1s, pre mno\u017estevn\u00e9 z\u013eavy a dlhodobej\u0161iu spolupr\u00e1cu n\u00e1s nev\u00e1hajte kontaktova\u0165.<br><a href=\"https:\/\/pssr.sk\/index.php\/sk\/ucelove-plemenarske-zariadenie\/\">Kontakt<\/a><br><br><strong>Materi\u00e1l pre DNA:<\/strong><br>\u2022 krv<br>\u2022 vlna<br>\u2022 sperma<br>\u2022 mlieko<br>\u2022 tkanivo<br><br><a href=\"https:\/\/pssr.sk\/index.php\/sk\/odber-vzoriek-pre-dna-test\/\">Odber vzoriek pre DNA test<\/a><br><br>Od roku 1995 je laborat\u00f3rium \u010dlenom ISAG (International Society of Animal Genetics).\t\t\t\t<\/div>\n\t\t\t<\/div>\n\t\t\t\t\t\t<div class=\"govuk-accordion__section \">\n\t\t\t\t<div class=\"govuk-accordion__section-header\">\n\t\t\t\t\t<h2 class=\"govuk-accordion__section-heading\">\n\t\t\t\t\t\t<span class=\"govuk-accordion__section-button\" id=\"4PCbcAOhzj1ww5qDoPZwT-heading-4\">\n\t\t\t\t\t\t\tO\u0161\u00edpan\u00e9\t\t\t\t\t\t<\/span>\n\t\t\t\t\t<\/h2>\n\t\t\t\t\t<div class=\"govuk-accordion__section-summary govuk-body\" id=\"4PCbcAOhzj1ww5qDoPZwT-summary-4\">\n\t\t\t\t\t\tDNA test pre o\u0161\u00edpan\u00e9\t\t\t\t\t<\/div>\n\t\t\t\t<\/div>\n\t\t\t\t<div id=\"4PCbcAOhzj1ww5qDoPZwT-content-4\"\n\t\t\t\t\tclass=\"govuk-accordion__section-content\"\n\t\t\t\t\taria-labelledby=\"4PCbcAOhzj1ww5qDoPZwT-heading-4\"\n\t\t\t\t>\n\t\t\t\t\t\u2022 Identifik\u00e1cia jedinca DNA testom<br>\u2022 Overenie p\u00f4vodu potomka porovnan\u00edm na oboch rodi\u010dov a vydanie osved\u010denia o p\u00f4vode<br>\u2022 Zahrani\u010dn\u00e9 osved\u010denie obsahuj\u00face cel\u00fd DNA profil zviera\u0165a<br>\u2022 Testovanie kandid\u00e1tnych g\u00e9nov pre \u00fa\u017eitkov\u00e9 vlastnosti o\u0161\u00edpan\u00fdch:<br>\u2022 Strescitlivos\u0165 (RYR), intramuskul\u00e1rny tuk (H-FABP), tukovos\u0165 (IGF2) \u2013 neakreditovan\u00e1 sk\u00fa\u0161ka<br><br><a href=\"https:\/\/pssr.sk\/wp-content\/uploads\/stiah\/lg\/osip.pdf\">Sprievodn\u00e9 tla\u010divo pre overenie p\u00f4vodu o\u0161\u00edpan\u00fdch<\/a><br><br>Sme tu pre V\u00e1s, pre mno\u017estevn\u00e9 z\u013eavy a dlhodobej\u0161iu spolupr\u00e1cu n\u00e1s nev\u00e1hajte kontaktova\u0165.<br><a href=\"https:\/\/pssr.sk\/index.php\/sk\/ucelove-plemenarske-zariadenie\/\">Kontakt<\/a><br><br><strong>Materi\u00e1l pre DNA:<\/strong><br>\u2022 krv<br>\u2022 \u0161tetiny<br>\u2022 sperma<br>\u2022 tkanivo<br><br><a href=\"https:\/\/pssr.sk\/index.php\/sk\/odber-vzoriek-pre-dna-test\/\">Odber vzoriek pre DNA test<\/a><br><br>Od roku 1995 je laborat\u00f3rium \u010dlenom ISAG (International Society of Animal Genetics).\t\t\t\t<\/div>\n\t\t\t<\/div>\n\t\t\t\t\t\t<div class=\"govuk-accordion__section \">\n\t\t\t\t<div class=\"govuk-accordion__section-header\">\n\t\t\t\t\t<h2 class=\"govuk-accordion__section-heading\">\n\t\t\t\t\t\t<span class=\"govuk-accordion__section-button\" id=\"4PCbcAOhzj1ww5qDoPZwT-heading-5\">\n\t\t\t\t\t\t\tPsy\t\t\t\t\t\t<\/span>\n\t\t\t\t\t<\/h2>\n\t\t\t\t\t<div class=\"govuk-accordion__section-summary govuk-body\" id=\"4PCbcAOhzj1ww5qDoPZwT-summary-5\">\n\t\t\t\t\t\tDNA test pre psy\t\t\t\t\t<\/div>\n\t\t\t\t<\/div>\n\t\t\t\t<div id=\"4PCbcAOhzj1ww5qDoPZwT-content-5\"\n\t\t\t\t\tclass=\"govuk-accordion__section-content\"\n\t\t\t\t\taria-labelledby=\"4PCbcAOhzj1ww5qDoPZwT-heading-5\"\n\t\t\t\t>\n\t\t\t\t\t\u2022 Identifik\u00e1cia jedinca DNA testom<br>\u2022 Overenie p\u00f4vodu potomka porovnan\u00edm na oboch rodi\u010dov a vydanie osved\u010denia o p\u00f4vode<br><br><a href=\"https:\/\/pssr.sk\/wp-content\/uploads\/stiah\/lg\/pes.pdf\">Sprievodn\u00e9 tla\u010divo pre overenie p\u00f4vodu psov<\/a><br><br>Sme tu pre V\u00e1s, pre mno\u017estevn\u00e9 z\u013eavy a dlhodobej\u0161iu spolupr\u00e1cu n\u00e1s nev\u00e1hajte kontaktova\u0165.<br><a href=\"https:\/\/pssr.sk\/index.php\/sk\/ucelove-plemenarske-zariadenie\/\">Kontakt<\/a><br><br>Materi\u00e1l pre DNA:<br>\u2022 krv<br>\u2022 chlpy<br><br><a href=\"https:\/\/pssr.sk\/index.php\/sk\/odber-vzoriek-pre-dna-test\/\">Odber vzoriek pre DNA test<\/a><br><br>Pri DNA teste u psov sa v na\u0161om laborat\u00f3riu testuje ISAG-om predp\u00edsan\u00fd s\u00fabor mikrosatelitov\t\t\t\t<\/div>\n\t\t\t<\/div>\n\t\t\t\t\t\t<div class=\"govuk-accordion__section \">\n\t\t\t\t<div class=\"govuk-accordion__section-header\">\n\t\t\t\t\t<h2 class=\"govuk-accordion__section-heading\">\n\t\t\t\t\t\t<span class=\"govuk-accordion__section-button\" id=\"4PCbcAOhzj1ww5qDoPZwT-heading-6\">\n\t\t\t\t\t\t\tBe\u017ece a vt\u00e1ky\t\t\t\t\t\t<\/span>\n\t\t\t\t\t<\/h2>\n\t\t\t\t\t<div class=\"govuk-accordion__section-summary govuk-body\" id=\"4PCbcAOhzj1ww5qDoPZwT-summary-6\">\n\t\t\t\t\t\tDNA test pre be\u017ece a vt\u00e1ky\t\t\t\t\t<\/div>\n\t\t\t\t<\/div>\n\t\t\t\t<div id=\"4PCbcAOhzj1ww5qDoPZwT-content-6\"\n\t\t\t\t\tclass=\"govuk-accordion__section-content\"\n\t\t\t\t\taria-labelledby=\"4PCbcAOhzj1ww5qDoPZwT-heading-6\"\n\t\t\t\t>\n\t\t\t\t\t\u2022 Ur\u010denie pohlavia DNA testom<br><br><a href=\"https:\/\/pssr.sk\/wp-content\/uploads\/stiah\/lg\/bezce.pdf\">Sprievodn\u00e9 tla\u010divo pre overenie pohlavia be\u017ecov<\/a> (p\u0161tros, nandu)<br><a href=\"https:\/\/pssr.sk\/wp-content\/uploads\/stiah\/lg\/emu.pdf\">Sprievodn\u00e9 tla\u010divo pre overenie pohlavia emu<\/a><br><a href=\"https:\/\/pssr.sk\/wp-content\/uploads\/stiah\/lg\/vtaky.pdf\">Sprievodn\u00e9 tla\u010divo pre overenie pohlavia vt\u00e1kov<\/a><br><br>Materi\u00e1l pre DNA:<br>\u2022 krv<br>\u2022 perie<br><br><a href=\"https:\/\/pssr.sk\/index.php\/sk\/odber-vzoriek-pre-dna-test\/\">Odber vzoriek pre DNA test<\/a><br><br>Dlhoro\u010dn\u00e9 sk\u00fasenosti n\u00e1\u0161ho laborat\u00f3ria v ur\u010dovan\u00ed pohlavia vt\u00e1kov DNA testom zabezpe\u010duj\u00fa r\u00fdchle a 100% v\u00fdsledky.<br><br>Na\u0161\u00edm cie\u013eom je v prvom rade zabezpe\u010di\u0165 spokojnos\u0165 chovate\u013ea.<br><br>Overovanie pohlavia vt\u00e1kov a be\u017ecov nie je akreditovan\u00e1 sk\u00fa\u0161ka.\t\t\t\t<\/div>\n\t\t\t<\/div>\n\t\t\t\t<\/div>\n\n\t\n\n\n<div class=\"wp-block-columns is-layout-flex wp-container-core-columns-is-layout-9d6595d7 wp-block-columns-is-layout-flex\">\n<div class=\"wp-block-column is-layout-flow wp-block-column-is-layout-flow\">\n<h3 class=\"wp-block-heading\">Ostatn\u00e9 \u010dinnosti<\/h3>\n\n\n\n<ul class=\"wp-block-list\">\n<li>CITES uchov\u00e1vanie DNA<\/li>\n<\/ul>\n\n\n\n<p><a href=\"https:\/\/pssr.sk\/wp-content\/uploads\/stiah\/lg\/cites.pdf\">Sprievodn\u00e9 tla\u010divo pre overenie p\u00f4vodu \u017eivo\u010d\u00edcha<\/a><\/p>\n\n\n\n<ul class=\"wp-block-list\">\n<li>Identifik\u00e1cia jedinca, dravce a jelene<\/li>\n<\/ul>\n\n\n\n<p>Tieto \u010dinnosti nie s\u00fa akreditovan\u00e9 Slovenskou n\u00e1rodnou akredita\u010dnou slu\u017ebou.<\/p>\n<\/div>\n\n\n\n<div class=\"wp-block-column is-layout-flow wp-block-column-is-layout-flow\">\n<h3 class=\"wp-block-heading\">Certifik\u00e1ty kvality<\/h3>\n\n\n\n<p><a href=\"https:\/\/pssr.sk\/wp-content\/uploads\/ac\/SNAS_LG.pdf\">Osved\u010denie o akredit\u00e1cii SNAS<\/a><\/p>\n\n\n\n<p><a href=\"https:\/\/pssr.sk\/wp-content\/uploads\/ac\/ISAGHD_LG.pdf\">Certifik\u00e1t ISAG \u2013 hov\u00e4dz\u00ed dobytok<\/a><\/p>\n\n\n\n<p><a href=\"https:\/\/pssr.sk\/wp-content\/uploads\/ac\/ISAGOV_LG.pdf\">Certifik\u00e1t ISAG \u2013 ovce<\/a><\/p>\n\n\n\n<p><a href=\"https:\/\/pssr.sk\/wp-content\/uploads\/ac\/ISAGOS_LG.pdf\">Certifik\u00e1t ISAG \u2013 o\u0161\u00edpan\u00e9<\/a><\/p>\n\n\n\n<p><a href=\"https:\/\/pssr.sk\/wp-content\/uploads\/ac\/ISAGKO_LG.pdf\">Certifik\u00e1t ISAG \u2013 kone<\/a><\/p>\n\n\n\n<p><a href=\"https:\/\/pssr.sk\/wp-content\/uploads\/ac\/ISAGDOG_LG.pdf\">Certifik\u00e1t ISAG \u2013 pes<\/a><\/p>\n\n\n\n<p><a href=\"https:\/\/pssr.sk\/wp-content\/uploads\/ac\/ICAR_LG.pdf\">Certifik\u00e1t ICAR<\/a><\/p>\n<\/div>\n\n\n\n<div class=\"wp-block-column is-layout-flow wp-block-column-is-layout-flow\">\n<h3 class=\"wp-block-heading\">Kontakt<\/h3>\n\n\n\n<p><strong>Ing. Lenka Mlynekov\u00e1, PhD.<\/strong><br>Ved\u00faca Laborat\u00f3rium genetiky a vzdel\u00e1vania<br>Hlohoveck\u00e1 7<br>951 41 Lu\u017eianky<\/p>\n\n\n\n<p><a href=\"tel:+421905700951\">+421 905 700 951<\/a><br><a href=\"mailto:lenkamlynekova@pssr.sk\">lenkamlynekova@pssr.sk<\/a><\/p>\n<\/div>\n<\/div>\n\n\n\n<hr class=\"wp-block-separator has-alpha-channel-opacity\"\/>\n\n\n\n<p><a href=\"https:\/\/pssr.sk\/wp-content\/uploads\/ac\/lg_cennik.pdf\">Cenn\u00edk<\/a><br><a href=\"https:\/\/pssr.sk\/index.php\/sk\/tlaciva-genetickeho-laboratoria\/\">Tla\u010div\u00e1 na stiahnutie<\/a><br><a href=\"https:\/\/pssr.sk\/wp-content\/uploads\/stiah\/lg\/dotaznikLG.pdf\">Prieskum spokojnosti a potrieb z\u00e1kazn\u00edkov<\/a><br><a href=\"https:\/\/pssr.sk\/wp-content\/uploads\/stiah\/lg\/Objednavka_SNP_DNA_HD.xlsx\">Objedn\u00e1vkov\u00fd formul\u00e1r pre anal\u00fdzu SNP DNA testov hov\u00e4dzieho dobytka<\/a><\/p>\n","protected":false},"excerpt":{"rendered":"<p>Genetick\u00e9 laborat\u00f3rium pre DNA anal\u00fdzu zvierat Hlavnou \u010dinnos\u0165ou laborat\u00f3ria genetiky je DNA anal\u00fdza zvierat.Cie\u013eom pr\u00e1ce laborat\u00f3ria je poskytn\u00fa\u0165 v\u0161etk\u00fdm z\u00e1kazn\u00edkom objekt\u00edvne a nez\u00e1visl\u00e9 testovanie vzoriek a ochranu inform\u00e1ci\u00ed, pri\u010dom jedn\u00fdm z prvorad\u00fdch cie\u013eov je zabezpe\u010di\u0165 presnos\u0165 testovania pod\u013ea medzin\u00e1rodn\u00fdch noriem, za vyu\u017eitia vhodn\u00fdch a modern\u00fdch met\u00f3d pri sk\u00fa\u0161kach.Na\u0161e dlhoro\u010dn\u00e9 sk\u00fasenosti s\u00fa z\u00e1rukou Va\u0161ej spokojnosti. Sme&#8230;<\/p>\n","protected":false},"author":1,"featured_media":0,"parent":0,"menu_order":0,"comment_status":"closed","ping_status":"closed","template":"","meta":{"footnotes":""},"class_list":["post-220","page","type-page","status-publish","hentry"],"_links":{"self":[{"href":"http:\/\/web2.pssr.sk\/index.php\/wp-json\/wp\/v2\/pages\/220","targetHints":{"allow":["GET"]}}],"collection":[{"href":"http:\/\/web2.pssr.sk\/index.php\/wp-json\/wp\/v2\/pages"}],"about":[{"href":"http:\/\/web2.pssr.sk\/index.php\/wp-json\/wp\/v2\/types\/page"}],"author":[{"embeddable":true,"href":"http:\/\/web2.pssr.sk\/index.php\/wp-json\/wp\/v2\/users\/1"}],"replies":[{"embeddable":true,"href":"http:\/\/web2.pssr.sk\/index.php\/wp-json\/wp\/v2\/comments?post=220"}],"version-history":[{"count":25,"href":"http:\/\/web2.pssr.sk\/index.php\/wp-json\/wp\/v2\/pages\/220\/revisions"}],"predecessor-version":[{"id":1196,"href":"http:\/\/web2.pssr.sk\/index.php\/wp-json\/wp\/v2\/pages\/220\/revisions\/1196"}],"wp:attachment":[{"href":"http:\/\/web2.pssr.sk\/index.php\/wp-json\/wp\/v2\/media?parent=220"}],"curies":[{"name":"wp","href":"https:\/\/api.w.org\/{rel}","templated":true}]}}