{"id":258,"date":"2026-03-09T13:48:10","date_gmt":"2026-03-09T13:48:10","guid":{"rendered":"http:\/\/web2.pssr.sk\/?page_id=258"},"modified":"2026-04-15T12:43:34","modified_gmt":"2026-04-15T12:43:34","slug":"crhz-hydina-a-bezce","status":"publish","type":"page","link":"http:\/\/web2.pssr.sk\/index.php\/sk\/crhz-hydina-a-bezce\/","title":{"rendered":"CRHZ &#8211; Hydina a be\u017ece"},"content":{"rendered":"\n<p><a href=\"https:\/\/pssr.sk\/wp-content\/uploads\/cehz\/subory\/hy\/oznam_hyd_web.pdf\">Usmernenie chovate\u013eov k registr\u00e1cii hydiny a be\u017ecov v datab\u00e1ze Centr\u00e1lnej evidencie hospod\u00e1rskych zvierat<\/a><\/p>\n\n\n\n<p>U\u0161n\u00e9 zna\u010dky, inform\u00e1cie a doklady potrebn\u00e9 k vedeniu centr\u00e1lnej evidencie poskytuj\u00fa region\u00e1lne stredisk\u00e1 PS SR, \u0161.p.<\/p>\n\n\n\n<p>Aktu\u00e1lne <strong>k\u00f3dy a n\u00e1zvy plemien, kraj\u00edn, udalost\u00ed a ostatn\u00e9 \u010d\u00edslen\u00edky<\/strong> potrebn\u00e9 k vedeniu centr\u00e1lnej evidencie n\u00e1jdete vo Vo\u013enom pr\u00edstupe k d\u00e1tam CRHZ v \u010dasti <strong>Z\u00e1kladn\u00e9 \u010d\u00edseln\u00edky<\/strong> na <a href=\"https:\/\/www.cehz.sk\" target=\"_blank\" rel=\"noreferrer noopener\">www.crhz.sk<\/a>.<\/p>\n\n\n\n<p><strong>Kontakt:<\/strong><\/p>\n\n\n\n<p><strong><a href=\"tel:+421415073744\">+421 41 5073 744<\/a><\/strong> \u201ehotline slu\u017eba pre verejnos\u0165\u201c od 8:00 do 15:00 hod.<\/p>\n\n\n\n<p><strong>Centr\u00e1lny register hospod\u00e1rskych zvierat (CRHZ)<\/strong><br>Rosinsk\u00e1 cesta 12<br>010 08 \u017dilina<br><a href=\"tel:+421415073744\">+421 41 5073 744<\/a><br><a href=\"mailto:crhz@pssr.sk\">crhz@pssr.sk<\/a><\/p>\n\n\n\n\t<div class=\"govuk-accordion\" data-module=\"idsk-accordion\" id=\"_tIi35sqEjalPRao00l2r\">\n\t\t<div class=\"govuk-accordion__controls\">\n\t\t\t<button class=\"govuk-accordion__open-all\"\n\t\t\t\tdata-open-title=\"Open all\"\n\t\t\t\tdata-close-title=\"Close all\"\n\t\t\t\ttype=\"button\"\n\t\t\t\taria-expanded=\"false\"\n\t\t\t>\n\t\t\t\t<span class=\"govuk-visually-hidden govuk-accordion__controls-span\" data-section-title=\"sections\"><\/span>\n\t\t\t<\/button>\n\t\t<\/div>\n\n\t\t\t\t\t<div class=\"govuk-accordion__section \">\n\t\t\t\t<div class=\"govuk-accordion__section-header\">\n\t\t\t\t\t<h2 class=\"govuk-accordion__section-heading\">\n\t\t\t\t\t\t<span class=\"govuk-accordion__section-button\" id=\"_tIi35sqEjalPRao00l2r-heading-1\">\n\t\t\t\t\t\t\tVyhl\u00e1\u0161ky\t\t\t\t\t\t<\/span>\n\t\t\t\t\t<\/h2>\n\t\t\t\t\t<div class=\"govuk-accordion__section-summary govuk-body\" id=\"_tIi35sqEjalPRao00l2r-summary-1\">\n\t\t\t\t\t\t\t\t\t\t\t<\/div>\n\t\t\t\t<\/div>\n\t\t\t\t<div id=\"_tIi35sqEjalPRao00l2r-content-1\"\n\t\t\t\t\tclass=\"govuk-accordion__section-content\"\n\t\t\t\t\taria-labelledby=\"_tIi35sqEjalPRao00l2r-heading-1\"\n\t\t\t\t>\n\t\t\t\t\t<a href=\"https:\/\/pssr.sk\/wp-content\/uploads\/cehz\/subory\/hy\/VyhlaskaHYBE2017.pdf\">Vyhl\u00e1\u0161ka MPRV SR \u010d. 103\/2017 z 25. apr\u00edla 2017, ktorou sa men\u00ed a dop\u013a\u0148a vyhl\u00e1\u0161ka \u010d. 342\/2013 Z.z. ktorou sa ustanovuj\u00fa podrobnosti o registr\u00e1cii hydiny a be\u017ecov<\/a><br><br><a href=\"https:\/\/pssr.sk\/wp-content\/uploads\/cehz\/subory\/hy\/vyhlaskaHYBE.pdf\">Vyhl\u00e1\u0161ka Ministerstva p\u00f4dohospod\u00e1rstva a rozvoja vidieka SR \u010d. 342\/2013 Z.z. zo d\u0148a 23. okt\u00f3bra 2013, ktorou sa ustanovuj\u00fa podrobnosti o registr\u00e1cii hydiny a be\u017ecov<\/a><br><br><a href=\"https:\/\/pssr.sk\/wp-content\/uploads\/cehz\/subory\/hy\/HYBEpokynyFIN.pdf\">Pokyny pre majite\u013eov a dr\u017eite\u013eov hydiny a be\u017ecov k vedeniu centr\u00e1lnej evidencie<\/a><br>\t\t\t\t<\/div>\n\t\t\t<\/div>\n\t\t\t\t<\/div>\n\n\t\n\n\n<hr class=\"wp-block-separator has-alpha-channel-opacity\"\/>\n\n\n\n<p><a href=\"https:\/\/pssr.sk\/index.php\/sk\/tlaciva-centralnej-evidencie-hospodarskych-zvierat\/\">Hl\u00e1senie zmien v po\u010dte hydiny a be\u017ecov<\/a><br><a href=\"https:\/\/pssr.sk\/index.php\/sk\/tlaciva-centralnej-evidencie-hospodarskych-zvierat\/\">Doklad o premiestnen\u00ed hydiny a be\u017ecov<\/a><\/p>\n","protected":false},"excerpt":{"rendered":"<p>Usmernenie chovate\u013eov k registr\u00e1cii hydiny a be\u017ecov v datab\u00e1ze Centr\u00e1lnej evidencie hospod\u00e1rskych zvierat U\u0161n\u00e9 zna\u010dky, inform\u00e1cie a doklady potrebn\u00e9 k vedeniu centr\u00e1lnej evidencie poskytuj\u00fa region\u00e1lne stredisk\u00e1 PS SR, \u0161.p. Aktu\u00e1lne k\u00f3dy a n\u00e1zvy plemien, kraj\u00edn, udalost\u00ed a ostatn\u00e9 \u010d\u00edslen\u00edky potrebn\u00e9 k vedeniu centr\u00e1lnej evidencie n\u00e1jdete vo Vo\u013enom pr\u00edstupe k d\u00e1tam CRHZ v \u010dasti Z\u00e1kladn\u00e9 \u010d\u00edseln\u00edky&#8230;<\/p>\n","protected":false},"author":1,"featured_media":0,"parent":0,"menu_order":0,"comment_status":"closed","ping_status":"closed","template":"","meta":{"footnotes":""},"class_list":["post-258","page","type-page","status-publish","hentry"],"_links":{"self":[{"href":"http:\/\/web2.pssr.sk\/index.php\/wp-json\/wp\/v2\/pages\/258","targetHints":{"allow":["GET"]}}],"collection":[{"href":"http:\/\/web2.pssr.sk\/index.php\/wp-json\/wp\/v2\/pages"}],"about":[{"href":"http:\/\/web2.pssr.sk\/index.php\/wp-json\/wp\/v2\/types\/page"}],"author":[{"embeddable":true,"href":"http:\/\/web2.pssr.sk\/index.php\/wp-json\/wp\/v2\/users\/1"}],"replies":[{"embeddable":true,"href":"http:\/\/web2.pssr.sk\/index.php\/wp-json\/wp\/v2\/comments?post=258"}],"version-history":[{"count":7,"href":"http:\/\/web2.pssr.sk\/index.php\/wp-json\/wp\/v2\/pages\/258\/revisions"}],"predecessor-version":[{"id":1187,"href":"http:\/\/web2.pssr.sk\/index.php\/wp-json\/wp\/v2\/pages\/258\/revisions\/1187"}],"wp:attachment":[{"href":"http:\/\/web2.pssr.sk\/index.php\/wp-json\/wp\/v2\/media?parent=258"}],"curies":[{"name":"wp","href":"https:\/\/api.w.org\/{rel}","templated":true}]}}